d + 68. What is the units digit of d?
2
Suppose -4*g - i + 199680 = 0, 3*i - 199672 = -9*g + 5*g. What is the tens digit of g?
2
Let a = 199 + -194. Suppose a*s + 8 = 1278. What is the units digit of s?
4
Let j(v) = 7*v - 30. Let n be j(3). What is the tens digit of (651/n)/((-5)/15)?
1
Let j(w) = -w + 24. Let t be j(4). Suppose -26*y + t = -21*y. Suppose 0*i + 712 = 4*i + y*s, -5*s - 860 = -5*i. What is the hundreds digit of i?
1
Let q(h) = 847*h**2 - 39*h - 166. What is the units digit of q(-4)?
2
Suppose -154678 = -32*j + 53610. What is the units digit of j?
9
Let p = -1412 - -904. Let o = 884 + p. What is the units digit of o?
6
Suppose 5*a + 24 = 369. Let o = 78 - a. What is the units digit of (-6)/(-9) + 966/o?
8
Suppose -v + 7 = 4. Suppose -69 = -2*s - 5*n, -v*s + 35 + 40 = -2*n. What is the units digit of (-6)/s + 508/18?
8
What is the thousands digit of (-152110)/(-140)*28/2?
5
Suppose -15*j + 192 = -11*j. Let w = 99 - 16. Suppose 3*u - j = i + w, -4*u - 5*i = -181. What is the tens digit of u?
4
Let o be (3/4)/(3/144). Let h be 34/(-2) + -1 + 4. Let s = o + h. What is the units digit of s?
2
Let w be 3*4/24*14. Suppose -5*y + 28 = 4*o, 4*y - w*y = 5*o - 22. Suppose o*l = 6*l + 5*m - 826, 5*m = 10. What is the units digit of l?
4
Let p(l) = 4*l**2 - 473*l - 662. What is the units digit of p(142)?
8
Let s(k) = -2323*k + 2582. What is the tens digit of s(-9)?
8
Let h(s) = 19*s + 17*s - 18*s + 44 + s**2 + 0*s. What is the tens digit of h(-20)?
8
Suppose -67*y + 4045158 = 167*y. What is the ten thousands digit of y?
1
Suppose 32*u - 12*u = 12440. Suppose 9*o = 11*o - q - u, -5*o = -q - 1549. What is the hundreds digit of o?
3
Let v be (-1 - (-6)/4)*8. Suppose -5*d - 21 = 4*g - 16, -5*d - 5 = -4*g. Suppose v*l + j - 139 = -g*j, 2*l - j - 65 = 0. What is the units digit of l?
4
Suppose -853*v = -334*v - 11236350. What is the thousands digit of v?
1
Let t(o) = o**3 - 12*o**2 + 4*o - 18. Let u be t(12). Let b(w) = 31*w**2 - u*w**2 - w + 1 - 3. What is the units digit of b(4)?
0
Suppose 0 = -3*u + 3 - 15, 2*h + 2*u + 240 = 0. Let a = h - -246. What is the tens digit of a?
3
What is the units digit of ((-3)/(-2))/(43/217666)?
3
Suppose 0 = 6*c + 16*c + 1232. Let y be (-1340)/14 - 6/21. Let z = c - y. What is the units digit of z?
0
Suppose 13*n - 3*n - 20 = 0. Let s(o) = -14*o + 3*o**3 - 16*o**2 + 9 + 7*o**n + 10*o**2. What is the hundreds digit of s(4)?
1
Suppose 2*h + 2*h = 5071 + 3185. What is the tens digit of h?
6
Let b be ((-16)/12)/((-4)/(-12)). Let o(s) = 6*s + 2. Let k be o(b). Let w = 2 - k. What is the units digit of w?
4
Let z(x) = -4*x**2 + 7*x + 15. Let g be z(3). Suppose 4*u + 118 - 850 = g. What is the units digit of u?
3
Suppose 314*i - 2613240 - 3183828 = 0. What is the thousands digit of i?
8
Let k(y) be the first derivative of y**4/4 - y**3/2 - 6*y**2 - 6. Let j(w) be the second derivative of k(w). What is the units digit of j(7)?
9
Suppose -15*m - 92*m + 102292 = 0. What is the tens digit of m?
5
Let n = 97 - 95. Suppose 3*l = -n*x - 172, 2*l = -l + 3*x - 162. Let j = -25 - l. What is the units digit of j?
1
Let a(k) = 38*k + 3. Let u(q) = -3 - 2 + 37*q + 9 - 2. Let g(b) = -6*a(b) + 5*u(b). What is the tens digit of g(-5)?
0
Let f(y) = -3070*y - 4972. What is the tens digit of f(-12)?
6
Suppose 2*o - 8*o + 12 = 0. Suppose -o*t + 1220 = -5*v, -3*v - 1224 = 2*t - 4*t. What is the hundreds digit of t?
6
Let b(r) = -25822*r**3 + 7*r**2 + r - 1. What is the thousands digit of b(-1)?
5
Let v(p) be the third derivative of p**4/3 - 3*p**3/2 + p**2. Let j = 10960 - 10940. What is the units digit of v(j)?
1
Let z = -2249 - -4964. What is the hundreds digit of z?
7
Suppose -16*m + 10*m = -12. Suppose 14*c - m*c = 5460. What is the tens digit of c?
5
Let s(l) = -324*l**3 - 8*l**2 - 31*l + 51. What is the thousands digit of s(-6)?
9
Let z be 256/26 + 0 + (-6)/(-39). Let w(x) = -55*x**2 + 57*x**2 + 0*x + z*x - 23. What is the tens digit of w(-10)?
7
Let l(r) = 5*r + 45. Let k be l(-8). Suppose -284 = -b + v, 2*v - k = -1. What is the tens digit of b?
8
Suppose 31930 = 2*q - 4*h, 55*h = 56*h + 3. What is the hundreds digit of q?
9
What is the thousands digit of -2 + 29956 + (-180)/15?
9
Suppose -59930 = -41*v + 15*v. Suppose 2*c + 5*b - v = 0, -3*c - b + 4568 - 1130 = 0. What is the hundreds digit of c?
1
Suppose -5*z - 30 = -x + 161, 4*z + 2*x + 164 = 0. Let k be 13/z + 1400/6. Suppose 2*r = -4*h + k + 213, 5*r + 5*h = 1125. What is the units digit of r?
7
Let j = -280 - -934. Let g = j - 347. Let t = g + -66. What is the tens digit of t?
4
Let f be 2/(-7) + 716/28*4. Let x = -436 + f. Let d = -200 - x. What is the units digit of d?
4
Suppose -5*h - 3*x + 75 = 2*x, 5*x - 19 = -h. Let g(t) = t**3 - 14*t**2 + 3*t - 32. What is the tens digit of g(h)?
1
Let f = 89 - 61. Let s be (18/(-2))/(4/f). Let v = 116 + s. What is the units digit of v?
3
Let h = 343 + 675. Suppose 2*k + 258 = h. What is the hundreds digit of k?
3
Let l be (10 - 2)/((-2)/(-1)). Suppose -11 - 1 = l*c. What is the tens digit of c/(-18)*-3*-170?
8
Suppose -18048 = -4*w + 4*s, -2*w + 1066 = 5*s - 7979. What is the tens digit of w?
1
Let y(m) = -m**2 + 5*m + 52. Let u be y(-5). Suppose -u*l + 542 = 4*k, -37*l + 33*l = 4*k - 544. What is the units digit of k?
5
Suppose 11*i = -134*i + 18705. What is the units digit of i?
9
Let x(w) = -1576*w**3 - 38*w**2 - 89*w + 9. What is the hundreds digit of x(-3)?
4
Let o(h) = -2*h**2 + h + 1. Let g(f) = 28*f**2 - 48*f - 28. Let l(v) = g(v) + 12*o(v). What is the units digit of l(-10)?
4
What is the hundreds digit of 29156888/851 + (-22)/(-253)?
2
Let y = 533 - 539. What is the hundreds digit of (-3 - 3369/y)/(1/2)?
1
Let b(q) = 12*q**2 - 21*q + 4*q - 11*q**2 + 4. Let n be (-3 + (5 - 0) - 1) + -9. What is the hundreds digit of b(n)?
2
Suppose -4*j = -5 - 7. Suppose 16*c + 13 = -j. What is the hundreds digit of 304 + -38 - (0/c)/(-2)?
2
Let k(a) be the third derivative of a**6/120 - 13*a**5/60 + a**4/4 + 2*a**3 + 22*a**2. What is the tens digit of k(13)?
9
Suppose -31*z + 9 = -28*z. Let d(o) = 3*o + 9*o + 4 - 22*o + z*o + 13*o**2. What is the tens digit of d(2)?
4
Let g(b) = -2*b**2 + 30*b + 18. Let a be g(16). Let p be a/28 + 207/(-2). Let u = -10 - p. What is the tens digit of u?
9
Let x(u) = 7*u + 28. Let h be x(-7). Let s = h - -21. Suppose -3*i - 15 = s, 3*r + i = -4*i + 182. What is the units digit of r?
9
Let c(v) = 3*v**2 - 5 - 8 + 5*v - v. Suppose 14*u = -19*u + 198. What is the tens digit of c(u)?
1
Suppose -1553 = -12*s + 1927. Let d = -1 + s. What is the units digit of d?
9
Let y = -3354 - -9733. What is the tens digit of y?
7
Let n be -1 + 1252/(-36) - 6/27. Let l = -36 - n. Let q(s) = 2*s**2 + 4*s + 97. What is the units digit of q(l)?
7
Suppose -8*f - 2*f = -4*f. Suppose 4*g - 2723 = p, f = 11*g - 12*g + 3*p + 689. What is the units digit of g?
0
Let d(b) = -27*b + 19*b + 91 + 8*b - b**2. Suppose -3*z + 15 = -3*w, -4*w = -2*z + w + 25. What is the units digit of d(z)?
1
Suppose -3*g = -224 + 644. What is the units digit of (-2148)/(-7) - 20/g?
7
Let p be (-8 - -2)*-82 - -2*2. Suppose 2162 = 3*i - o, 5*o = -3*i + p + 1672. What is the units digit of i?
1
Let k be -8*((-6)/27 + (-4)/144). Suppose -2*v + 12*a = 14*a - 1332, -v - k*a = -669. What is the hundreds digit of v?
6
Let w = 464 + -380. Suppose -2*f = 2*n - 2912, 0 = -89*n + w*n + 4*f + 7280. What is the hundreds digit of n?
4
Suppose 2*s - 4*m = 24, -5*m - 40 = -s - 16. Suppose -2233 = -2*t - 5*h, -s*t = -0*h - 4*h - 4536. What is the hundreds digit of t?
1
Suppose 3*n - 17 = 4*s, 0 = 2*n - 4*s - 14 - 0. Suppose -5*y + 3*r = -195, r + 79 = n*y - y. What is the tens digit of y?
4
Let g = 17575 - 8158. What is the units digit of g?
7
Suppose -5*m - w = -8, -8 = 4*m - 3*m + 5*w. Suppose k + 2*u = -8 - 0, -10 = m*u. Let t(d) = 27*d**3 - d**2 - 3. What is the hundreds digit of t(k)?
2
Let j(x) = -49*x + 1831. What is the tens digit of j(-138)?
9
Let d = 471 - 672. Let w = d - -680. What is the units digit of w?
9
Let j be 55/11*(3 - (2 + -1)). Suppose -j = 7*q - 12*q. What is the units digit of (2*q)/2 + 75 + -15?
2
Suppose -758*u + 753*u - d = -48534, -5*u + 48546 = 4*d. What is the units digit of u?
6
Suppose -13*p - 22555 = -94237. What is the units digit of (-9*(